- 0. Suppose -2*t + q + 8 = 0, 3*q + 11 = -2*t + 35. Calculate the highest common factor of t and g.
6
Let f(x) = -15*x - 250. Let z be f(-20). Calculate the highest common divisor of z and 110.
10
Suppose -11 + 5 = m - 3*k, 0 = -4*m + 5*k + 11. Suppose 0*b = -b + m. Suppose 10*j - 6 = b*j. What is the highest common factor of 12 and j?
6
Let g be 0/8 + (-2 - -8). Let i(p) = -p**3 + 4*p**2 + g - 3 - 2*p**2. Let h be i(0). Calculate the highest common factor of 2 and h.
1
Suppose b - 4*g - 142 - 165 = 0, -5*b + 1463 = 4*g. What is the greatest common divisor of 59 and b?
59
Let s(q) be the first derivative of -1/2*q**2 - 6 - 11/3*q**3 - 1/4*q**4 + 15*q. Let f be s(-11). Calculate the greatest common divisor of 65 and f.
13
Let k = 380 - -250. Calculate the greatest common divisor of 45 and k.
45
Let l = 13 + -15. Let p(g) = -4*g. Let j be p(l). Suppose -j*i = -3*i - 100. What is the greatest common factor of i and 10?
10
Suppose 404 = 4*x - 0*x. Let o = x - 31. Suppose 4*p - 8 = 0, -5*r - p = p - 144. What is the greatest common divisor of o and r?
14
Let q be 256/6 + (-56)/(-24). Suppose 3*g - g - 28 = -2*l, 5*g - 34 = -l. What is the highest common divisor of q and l?
9
Suppose -6*k - 59 = -227. Calculate the greatest common divisor of 336 and k.
28
Suppose 4*m - 3*h + 65 = 0, 2*m = -4*h - 67 + 7. Let z = m + 39. What is the highest common divisor of z and 133?
19
Suppose 0 = -5*o + 144 - 104. What is the highest common factor of 88 and o?
8
Suppose 0 = -k + 40 + 13. Let r be 170/(-1445) - (-16222)/34. Calculate the greatest common divisor of k and r.
53
Suppose 0 = -10*s + 238 + 272. Let d = s + -30. Calculate the greatest common divisor of 7 and d.
7
Suppose 0 = -3*g + 4 - 16. Let j be (271*1)/(-5 - g). Let k = j + 399. What is the greatest common factor of k and 16?
16
Let w be 18/10*45 + -8. Calculate the greatest common factor of w and 1.
1
Suppose 0 = -5*h + 4*j + j - 20, 4*h + 40 = -4*j. Let b = -4 - h. Suppose -2*a + 6 = 2. What is the greatest common factor of b and a?
1
Let i(n) = n**2 - 14*n + 51. Let g be i(11). Calculate the highest common factor of 18 and g.
18
Let c(n) = 89*n**2 - 5*n - 6. Let l be c(-2). Calculate the highest common divisor of l and 36.
36
Let g be (73 - -3) + 1/(9 - 8). Calculate the highest common divisor of g and 319.
11
Suppose 0 = 2*z + 4, -2*n + 14 = z - 8. Let i(s) = s**2 - 5*s. Let a be i(-4). What is the highest common divisor of n and a?
12
Suppose -3*j - c = 2*c + 24, 4*j + 2*c = -30. Let x(v) = -v**2 - 10*v - 1. Let a be x(j). Calculate the highest common divisor of 80 and a.
20
Let b(u) = -u**2 + 13*u + 8. Let r be b(12). Suppose -r = -2*z + 26. Let s(g) = -26*g - 1. Let i be s(-8). What is the greatest common factor of i and z?
23
Let c = 13 + -3. Suppose 0 = -c*r + 93 + 27. What is the highest common divisor of 108 and r?
12
Let n be 209 - 5*6/(-5). Suppose b + 3*b = 344. Calculate the greatest common factor of b and n.
43
Let x(r) = -r**3 - 4*r**2 + 5*r + 4. Let c be x(-5). Suppose c*y - 5*y = -22. Let o be (-25)/(-2) - (-6)/(-4). Calculate the highest common factor of y and o.
11
Let y(q) = 2*q**2 - 5*q - 24. Let j be y(-6). What is the highest common divisor of j and 130?
26
Suppose 450 = 16*r - 22*r. Let b = 0 - r. Calculate the highest common divisor of 5 and b.
5
Let d be 1 - 6*(-2)/4. Suppose 2*g + 30 = o, -86 = -d*o + 5*g + 19. Calculate the highest common divisor of 220 and o.
20
Suppose 4*f = 31 + 9. Suppose 3*s = 8 + f. Let l be (14/(-4) - -7)*84/49. Calculate the greatest common factor of s and l.
6
Let z be (12/18)/(21/2268). Calculate the greatest common factor of 56 and z.
8
Let q be (98 - 8)*(-2)/(-2). Suppose 0 = k - 5*k. Suppose -6*s + 9*s - q = k. Calculate the greatest common factor of 6 and s.
6
Let j be (0 - 2/(-4))/((-1)/(-300)). What is the greatest common factor of j and 30?
30
Let y(p) = -201*p + 9. Let f be y(-1). What is the greatest common divisor of f and 30?
30
Suppose -4 = -30*w + 26*w. What is the greatest common factor of w and 32?
1
Let w(l) = 11*l - 3. Let i be w(2). Suppose 0 = 5*u - 12*u + 399. What is the highest common divisor of i and u?
19
Let o(h) = 17*h - 2*h**2 + h**3 - 2*h - 5*h**2 + 4. Let z be o(5). Calculate the highest common factor of z and 319.
29
Suppose 23 + 2 = -5*p. Let g be (-35)/p*(-36)/(-2). What is the highest common divisor of g and 14?
14
Let s = 193 + -88. Let b = 5 - -65. Calculate the highest common divisor of b and s.
35
Suppose 19*c - 3954 = -819. What is the greatest common factor of 33 and c?
33
Let b = -60 - -62. Let k be (1 - (b - 1) - -263) + -2. What is the highest common divisor of k and 29?
29
Let x(n) = 6 + n - 18 + 4*n + n**2 + 0*n. Let r be x(-8). What is the greatest common factor of 18 and r?
6
Suppose 0 = k - 125 - 57. Suppose 0 = r - 8*r + k. Calculate the highest common factor of 130 and r.
26
Let k be (0 - -1) + (2 - -1). Suppose -2*n - 14 = -2*a, -4*n + a - 3*a - k = 0. Let d be n/1*(-24)/9. Calculate the highest common factor of d and 88.
8
Let w(t) = t**3 + 13*t**2 + 12*t + 28. Let o be w(-11). What is the highest common divisor of 1311 and o?
69
Suppose 55*a + 17544 = 72489. What is the highest common factor of a and 27?
27
Let b = 156 - 2. What is the highest common divisor of 77 and b?
77
Suppose 10 = -5*p + 25. Suppose t = 1 + p. Suppose x - 3*x - 4*v = 18, 4*x = -4*v - 16. What is the greatest common factor of x and t?
1
Let i = -207 - -333. Suppose 0 = -0*v - 6*v + i. What is the greatest common divisor of v and 7?
7
Suppose 12*s = 511 + 317. Let g = s - -83. Calculate the greatest common factor of g and 19.
19
Suppose 3*t - 110 = -2*t. Suppose -5*v + 33 + 7 = r, 3*v + r - t = 0. Let j = -39 - -66. What is the highest common factor of j and v?
9
Suppose -2*o = -3*d - 2*d + 23, 11 = 5*d + o. Let z be 1/2 - (-3 + d/2). Calculate the greatest common divisor of z and 1.
1
Suppose -2*u + 80 = -z, 0 = 5*u + 2*z - 104 - 96. Calculate the greatest common factor of u and 480.
40
Suppose -2*z = -3*a - 45, -z - 2*z - 3*a = -75. Suppose h = -t + 2 + 17, 0 = 3*h - t - 77. Calculate the highest common factor of h and z.
24
Let j(x) = -3*x**2 + 14*x - 9. Let q be j(-8). Let w = -205 - q. Suppose w = d + 3*d. Calculate the highest common divisor of d and 3.
3
Let o(y) = y**2 - 6*y + 6. Let s be o(8). Suppose -70 = -n - n. Suppose c - n = 20. What is the greatest common divisor of c and s?
11
Let k(b) = -b + 40. Let w be k(21). Suppose -17 = -4*f + w. Calculate the highest common factor of f and 72.
9
Suppose -2*s + 3*u + 1985 = 0, 5*s - 5*u = 1697 + 3278. What is the highest common divisor of 40 and s?
40
Let b be (-26)/(-2) - (-1)/(-1). Suppose 3*p - 322 = -2*g, -14*g - 3 = -11*g. What is the greatest common factor of p and b?
12
Let l = 66 + -61. Suppose 3 = -l*n - 3*b + 40, 2*n = b + 17. Calculate the greatest common divisor of n and 12.
4
Suppose 0 = 3*m + 15, -3*i - 4*m + 780 = 2*i. Let a = 17 - 32. Let q = 35 + a. What is the greatest common factor of q and i?
20
Suppose -4*s = -2*c - 122, s - 3*c = -3*s + 125. Suppose -s - 19 = -6*t. Calculate the greatest common divisor of 8 and t.
8
Let q be 0 + 2 + (3 - 0). Suppose -4*j = 4*u + u - 4, 5*u - 40 = q*j. Let a be 2/u + 86/4. Calculate the highest common divisor of a and 11.
11
Let m(j) = j**2 - j + 4. Let h be m(4). Let k(y) = -3*y**3 - 7*y**2 - 4*y. Let o be k(-2). Calculate the greatest common factor of h and o.
4
Suppose 0 = -5*z + 5*s + 1940, 0 = -2*z + z - 5*s + 400. What is the greatest common divisor of z and 30?
30
Let l(f) = 4*f**2 + 2*f. Let u be l(2). Let w(m) = 44*m**2 - 6*m. Let r be w(-1). What is the greatest common divisor of u and r?
10
Let l = 135 + -52. Let h = l - 31. Calculate the highest common divisor of h and 78.
26
Let x(m) = m**3 - 10*m**2 - 4*m - 25. Let c be x(11). What is the highest common divisor of c and 52?
52
Suppose -2*s - l + 5 = -5, -4 = -4*s + 2*l. Let z be -1*(s + 1) + 0. Let m be 12 + 2 + (-8 - z). What is the greatest common divisor of 90 and m?
10
Let r be (-2)/(-12) + (229/(-6) - -1). Let z = 52 + r. Let i = -9 + 24. What is the highest common factor of i and z?
15
Suppose 68 = -5*v + 5*a - 207, -3*a = 2*v + 115. Let n be (-8)/(((-6)/v)/((-6)/4)). What is the highest common divisor of n and 16?
16
Suppose 3*k - 19 = 